Let m be 1*(-172)/(-60) - 2/(-15). Suppose -m*c - 2*c = 3*h - 19, -2*h = 4. Suppose -c*u - u = -3438. Is u prime?
False
Let g(y) = 7*y - 25516. Let q(i) = -4*i + 12757. Let o(z) = -3*g(z) - 5*q(z). Is o(0) a prime number?
True
Let i = 799 - 251. Suppose 153070 = -538*g + i*g. Is g a prime number?
True
Let g = -102 - -220. Let w = -793 - -795. Suppose w*i - 4*i = -g. Is i prime?
True
Let p be 6/7*((-224)/(-12))/4. Is (-6 + p - (-4674)/4)*2 composite?
False
Let n(h) = -h**2 + 6*h - 4. Let c be n(4). Let d(t) = 1355*t + 39. Is d(c) prime?
False
Let k(v) = -5*v - 24. Let u be k(-12). Let x = u - 32. Is (-2)/(-4) - (-902)/x a composite number?
True
Is -25 + (-5129)/(-207) - 877889/(-9) composite?
True
Suppose 4*s - v = -93, 3*v + 86 + 9 = -5*s. Let k = 23 + s. Let d(x) = 1558*x + 1. Is d(k) a composite number?
False
Suppose -p + 2676 = 2*n - 60571, n - 3*p = 31613. Let s = n + -21615. Is s a prime number?
True
Let l = -491262 + 927661. Is l a prime number?
True
Let g = -3907 + 2332. Let f = g - -2842. Is f a prime number?
False
Let a = 34 + -23. Suppose -2*u = -u + 3*i - a, 5*i = 5*u + 25. Let j(k) = -2148*k**3 + k**2 + 2*k + 2. Is j(u) prime?
False
Let q = 66105 - 39124. Is q composite?
False
Suppose 112*l - 59889904 - 20540993 = 16377311. Is l prime?
True
Let g = 11220 - 6040. Suppose -4*c + 4*j + g = 0, 4*c - 4*j + j - 5175 = 0. Let m = -209 + c. Is m prime?
False
Let y = 135 - 137. Is (23150/(-15))/y + (-14)/21 a prime number?
False
Let g = 1125759 - -460390. Is g a prime number?
False
Let q = -1684816 + 2869763. Is q prime?
True
Let i(j) = -4453*j - 901. Is i(-8) prime?
False
Let s = -50 + 18. Let b = 208 + s. Let j = b + -19. Is j composite?
False
Let a be -6 + -1 - (0 - 7). Suppose 3*d - 55618 - 35879 = a. Is d prime?
False
Let k be -1 + -1 - (-8 - -8) - 630. Let u = k - -373. Let d = u + 560. Is d a prime number?
False
Suppose -293*k - 45479 = -296*k - 4*z, k + 5*z = 15167. Is k a prime number?
False
Let p = 104194 + -53225. Is p prime?
True
Suppose -3*i - 222*w + 223*w = -53994, w = 2*i - 35995. Is i a composite number?
True
Suppose 1848771 = 196*z - 169*z. Is z a composite number?
False
Suppose -b = -0*b + 4*z + 7, -4*b + 23 = -z. Let n be 2400/b + -2 - 0. Let l = n + -224. Is l prime?
False
Let b(o) = 34*o - 1. Let a be b(-2). Let v = a - -82. Suppose -12*j + v*j = 409. Is j prime?
True
Let d(w) = -26*w - 130. Let t be d(-5). Suppose 20198 = 3*u - i - 0*i, t = 2*u + i - 13467. Is u a prime number?
True
Suppose 17*u + l = 15*u + 303524, 5*u - 758809 = -3*l. Is u a composite number?
True
Let m(q) = -4*q**2 - 23*q - 10. Let d be m(-9). Let y = -47 - d. Suppose 2*h = z + 118, 3*z + 215 = 5*h - y. Is h a prime number?
True
Let s(o) = 6*o**2 - 16*o + 102. Let m(l) = l**2 + l - 1. Let d(g) = -5*m(g) + s(g). Is d(17) prime?
False
Is -701*(3 + -270) - (-18)/99*-22 a composite number?
False
Let w = 177 + -175. Let z(j) = 89*j**3 - 2*j**2 - 4*j + 5. Is z(w) a prime number?
True
Let x(w) = 5152*w**2 + 83*w + 662. Is x(-9) composite?
False
Suppose 13*a = 7*a + 402. Suppose a*f = 65*f + 8654. Is f composite?
False
Let f(d) = -d**2 - 2 + 9*d - 6*d**2 + 3*d**3 - d. Let p be f(4). Let i = 159 - p. Is i composite?
True
Let y(u) = 587*u + 1482 - 577*u + 17. Suppose 5*s = -2*l - 25, 0*l + s = l - 5. Is y(l) a composite number?
False
Let k = 14329 + -7872. Is k composite?
True
Suppose 32*h - 27*h = 10. Suppose 203336 = 4*w - 4*k, 0 = -w + h*w - 3*k - 50840. Is w a composite number?
True
Suppose -u - 1748 = -3*g, -u - 2331 = 3*g - 7*g. Suppose -3*f = -563 - g. Is f composite?
True
Let b(h) = 1096*h + 18 + 82 + 4 + 53. Is b(15) prime?
False
Suppose -q + 0*q - 25 = 5*o, 20 = -5*o. Let p(k) = -190*k - 43. Is p(q) a prime number?
True
Let l be (-3*(-4)/16 - 0)*28. Let i be (-36)/l - (-6)/(-21). Is -4*i/44 + 47250/154 composite?
False
Suppose -5212 = -10*i + 8188. Suppose -5*v + 8*z + 3335 = 3*z, 0 = 2*v + z - i. Is v prime?
False
Let j be 13 + 0 - -1 - (-2032 + 2044). Let b(r) = -3*r - 2. Let o be b(-2). Suppose 0 = 2*t + j*h - 972, -736 = -o*t + 2*h + 1202. Is t prime?
False
Let h = 1748 + -237. Suppose 7*k - h = 13532. Is k a prime number?
False
Suppose -4*i + 4*b = -1356269 + 225673, 2*b + 1413269 = 5*i. Is i composite?
True
Let v be -3*(-5)/(-30) + (-4511)/(-2). Let g = 1312 - v. Let n = g + 1820. Is n composite?
False
Let m be 1*-4 + 9 + -6. Let u be (-3 - m)/((-8)/17788). Let v = -2466 + u. Is v composite?
True
Let k(a) = -3*a**3 + 33*a**2 - 15*a - 10. Let m be k(-18). Suppose 76753 = 9*f - m. Is f a composite number?
False
Let x(p) be the third derivative of -p**6/120 - 11*p**5/60 + 25*p**4/24 + 2*p**3/3 - 2*p**2 - 207*p. Is x(-27) a composite number?
False
Suppose 0 = 52*l - 887428 - 615424. Is l prime?
True
Let m = -81595 - -303060. Is m prime?
False
Let m(s) = -s**2 - s + 3463. Let r be m(0). Let x = r + -1527. Suppose 0 = -5*z + 249 + x. Is z composite?
True
Suppose 18156 = -0*q + 4*q - 4*i, 5*q = -i + 22719. Let h = q - 2946. Is h prime?
True
Let l = 24 - 17. Suppose -l*k = 19*k - 76102. Is k prime?
True
Suppose 5*p + 5*g = 518622 - 196247, p = -3*g + 64477. Is p a prime number?
False
Suppose 10 + 14 = 8*y. Suppose -2*p = y*o - 8, 3*p - 6*p = o - 5. Suppose -o*v + 5*u = -0*v - 47, 3*v - 81 = 4*u. Is v a composite number?
False
Let b(p) = 63*p**2 - 34*p - 315. Is b(106) prime?
True
Suppose -5*c + 7 = -3*c + a, 4*c = -4*a + 8. Let w = -478 - -479. Is 398 + ((-3)/w)/(5/c) prime?
False
Let m be 0 - 66/(-4)*(-100)/30. Let c = -49 - m. Suppose c*h - 131 = 2527. Is h a composite number?
False
Suppose 4*p - 5*p + 15 = 5*b, b = -3*p + 17. Let d(t) be the second derivative of 17*t**4/2 + 7*t**3/6 + t**2 - t - 53. Is d(p) composite?
True
Let v = -5 - -7. Suppose -4*d + 2666 = f, -v*f - 4*d = -5*f + 8078. Suppose -f = -i - 588. Is i a composite number?
True
Let f = -1273050 - -2099321. Is f composite?
False
Let s = 179497 - 120924. Is s prime?
True
Suppose -4*h = 4*h + 4*h - 2530812. Is h prime?
True
Let q(c) = 3*c + 22. Let s be q(-5). Suppose i + 1 = z, 0 = 5*z - 2*z + i - s. Suppose 823 + 319 = z*y - 4*a, -4*y + a = -2284. Is y a prime number?
True
Suppose p - 1081 = -4*n - 75, -5*n + 2*p = -1251. Suppose 245*i = n*i - 61338. Is i a prime number?
True
Let x(u) = -192*u + 22. Suppose -5*r = -p - 3*p - 35, 3*r + 11 = -4*p. Let t(c) = 577*c - 65. Let b(f) = r*t(f) + 8*x(f). Is b(6) prime?
True
Let g = 14 - 10. Let u be 0*6/18*1. Suppose g*a + 0*a - 1228 = u. Is a prime?
True
Let y(u) = -u**2 + u - 1. Let x(h) = -h**2 + 12*h - 10. Suppose 13 + 11 = r + 5*p, -5*r - 5*p + 20 = 0. Let q(z) = r*x(z) - 5*y(z). Is q(14) a composite number?
False
Suppose -5*u + 5*b = -u - 79700, -2*b - 79700 = -4*u. Suppose -6*a = -3*a, -5*p - 5*a = -u. Is p a prime number?
False
Let k(v) = -v**2 + 9*v - 16. Let o be k(4). Suppose -17873 = -o*u + 4803. Is u a prime number?
True
Let w(q) = 16618*q**2 + 16*q - 18. Let t be w(1). Suppose 5*z - 12567 = -f, -f + 4053 = -5*z + t. Is z a prime number?
False
Let d(p) = 11*p**3 + 13*p**2 - 43*p - 3. Is d(4) prime?
False
Let a(k) = 8*k**2 + 14*k + 14. Let g(d) = 7*d**2 + 13*d + 13. Let m(b) = -6*a(b) + 7*g(b). Let u be m(-6). Is (-3)/(-1 + u - (-8)/(-296)) prime?
False
Suppose g = 3*h, -5*g = -2*g - 4*h. Suppose 23*f - 20*f - 12 = g. Suppose -f*y = w - 782, 0*w - 1576 = -2*w - 4*y. Is w a prime number?
False
Let g = -122 - -5279. Let z = -1268 + g. Is z a composite number?
False
Let y be -8 + 10 + -1 + 1 - -1. Suppose 0 = 3*j - 3, y*l - 5*j = -l - 3589. Let s = l + 1343. Is s a prime number?
False
Let x(n) = 2*n**3 + 56*n**2 - 7*n + 70. Is x(33) composite?
False
Is ((-246117)/(-4))/(((-279)/24)/(-31)) a prime number?
False
Let o = 166 + -158. Suppose 5*l + 3*d - 18972 = 3*l, 4*d = -o. Is l composite?
True
Let o be 0 + (-1)/3 + (-128)/(-24). Suppose o*w = 5738 + 13367. Is w a prime number?
True
Suppose -s + 316548 + 49250 = -32531. Is s a composite number?
True
Let i be 0/(-29) + 1 + (-360)/(-3). Suppose -119*v = -i*v + 19298. Is v a prime number?
True
Let o(l) = -66*l**3 - 15*l**2 - 11*l + 6. Let z be o(-6). Let c = -9821 + z. Is c a composite number?
False
Is 1809423 + -2 - 560/70 a prime number?
True
Let y = 176 + -172. Suppose 0 = 2*o - 4*d - 45058, -23*d + 28*d = -y*o + 90129. Is o prime?
True
Let c = 184 + -217. Is (3 - 228385/(-15))/((-